 39 = -n. What is the units digit of l(h)?
3
Let d be (6/4)/((-9)/414)*-13. Let h = d - 423. What is the units digit of h?
4
Let c = 74 - 75. Let q be (c - (-325)/10)/(1/8). Suppose 5*b - b - q = 0. What is the units digit of b?
3
Let l(c) = -c**2 - 12*c - 29. Let d be l(-10). Let i be (-2)/((d/(-6))/(-3)). Suppose -3*x + 86 = -x + i*h, 0 = -5*x - 4*h + 221. What is the tens digit of x?
4
Let r = -734 - -431. What is the units digit of (-12)/8*(r - (-1 - 0))?
3
Let p(m) = 95*m + 90. Let t(g) = -91*g - 90. Let i(n) = -3*p(n) - 4*t(n). What is the hundreds digit of i(11)?
9
Let l(m) = 37*m**2 - 62*m - 344. What is the thousands digit of l(-12)?
5
Let m(g) = -10*g**3 + 2*g**2 + 2*g - 1. Let w be m(-3). Suppose w + 1027 = 6*u. What is the units digit of u?
8
Suppose 9*u + 234156 = 88*u. What is the hundreds digit of u?
9
What is the units digit of (-272)/4488 + (-1732583)/(-99) - (-2)/9?
1
What is the units digit of 1*162 - (-972)/(-108)?
3
Let j(n) = n**3 - 4*n**2 + 3*n. Let b be j(3). Suppose b = d - 5 + 3. Let t(w) = 9*w**2 - 2*w + 1. What is the tens digit of t(d)?
3
What is the thousands digit of (-26)/(-6) + (-2)/6 - 8644*-5?
3
Suppose 3*u - 13*u = 0. Suppose 3*n - 22 = -2*d + d, 2*n - 2*d - 4 = u. Let a(c) = 15*c - 25. What is the tens digit of a(n)?
6
Let y be 3 + -1 + (-11 - 20/(-4)). Let b(m) = -m**2 - m - 1. Let d(p) = -7*p**2 - 4*p. Let v(f) = 2*b(f) - d(f). What is the tens digit of v(y)?
7
Suppose 0 = 2*g + 3*l - 4031, 13*l = 2*g + 11*l - 4006. What is the thousands digit of g?
2
Suppose -3*x + 942 = -0*x. Suppose -10 = -2*w + 3*r, 161*w = 159*w + 2*r + 8. Suppose 3*h - 207 = w*q + 3*q, -5*h - 2*q = -x. What is the units digit of h?
4
Let q(w) = -2*w**2 - 12*w - 7. Let a be q(-5). Suppose -2*d = -2*n - 136, d = -0*d - 2*n + 53. Suppose b - d + a = 0. What is the tens digit of b?
6
Let n = 4727 - -16952. What is the ten thousands digit of n?
2
Let h = 49 + -43. Let g be (4 - h) + 3 - 3. What is the units digit of (g - -5)*146/6?
3
Let m(d) = 265*d + 1320. What is the hundreds digit of m(69)?
6
Let k = 66106 - 25559. What is the units digit of k?
7
Let l be (-2)/7 - ((-133694)/77 + -5). Suppose -4*b = -5*i - 4183, -4*b + 2430 = -i - l. What is the thousands digit of b?
1
Let x(b) = 1 - 6 + 6. Let u(t) = 2*t**3 + 4*t**2 - 5*t + 3. Let z(n) = -u(n) - 6*x(n). What is the hundreds digit of z(-5)?
1
Suppose -2*s = 0, -4*x - s - 18 = -58. Suppose 5*o + p = 12, 4 = -o - 2*p + x. Suppose 0 = 7*v - o*v - 300. What is the units digit of v?
0
What is the thousands digit of (-42)/(11 - -3)*-1143?
3
Suppose 26*x - 466840 = -78374. What is the tens digit of x?
4
Suppose -14*p + 430918 + 222224 = 0. What is the hundreds digit of p?
6
Suppose 5*h - 4 = -4*s, -2*h + 13 - 1 = -s. Let m be -1*(2/(-8) + (-355)/h). Let f = -85 + m. What is the units digit of f?
4
Suppose -7*d + 572 = -5*d. Let p be d/11 + (-6)/(-2). Suppose r - 98 + p = 0. What is the units digit of r?
9
Suppose -2*k + 1 + 7 = 0, 0 = -4*y + 4*k + 36. What is the hundreds digit of 2/y + 180519/247?
7
Let b = 354 + -1119. Let a = -401 - b. What is the tens digit of a?
6
Let d(f) be the first derivative of 109*f**2/2 - 92*f - 135. What is the hundreds digit of d(13)?
3
Let r(n) be the third derivative of -3*n**4/4 + n**3/2 + 4*n**2. Let z(k) = -k**3 - 8*k**2 - 12*k - 37. Let f be z(-7). What is the tens digit of r(f)?
3
Let a be (1 + 1)/((-2)/(-28)). Let q(c) = -22*c - 8. Let r be q(-4). Let d = r - a. What is the tens digit of d?
5
Let x(z) = 2*z**2 - z + 59. Let h = -136 + 118. Let l be x(h). Suppose l = -a + 6*a. What is the units digit of a?
5
Suppose -5*g = u + 24 - 9, -2 = 2*u + 3*g. Suppose -u*h = -4*q - 2352, -5*h - 2*q = -542 - 1792. What is the units digit of h?
8
Suppose -n - 2*n = 9, 0 = m - n - 1. Let d be -1*(-1)/(-3) - (-181)/3. What is the tens digit of (d - 9/3 - m) + -2?
5
Let u = 62486 + -37076. What is the hundreds digit of u?
4
Suppose -37458*n + 1043910 = -37428*n. What is the hundreds digit of n?
7
Let d = -68 + 65. Let t be (0 - -1)/d - 2/3. What is the tens digit of t*(240/2)/(-2)?
6
Let f be ((130/15)/(-1))/((-2)/3). Let i(g) = 11*g - 2. Let r be i(2). Let w = r - f. What is the units digit of w?
7
Let k(c) = 1. Let w(t) = t**2 - 3*t + 10. Let q(g) = -5*k(g) + w(g). Let a be q(2). Suppose -x - 20 = -a*d, 2*x + 12 + 8 = 2*d. What is the units digit of d?
5
Let z = 3232 - 3144. Suppose 2*a + 2*p - 104 = 0, -p = a + a - 103. Let m = z - a. What is the tens digit of m?
3
Suppose -5 - 11 = -2*l - 5*c, 4*l + 3*c = 18. Suppose 12*r = l + 57. What is the units digit of r?
5
What is the thousands digit of (-588136)/(-34) - (420/(-238)*-8 + -14)?
7
Let i = 239 - 189. Let j(n) = n**3 - 8*n**2 + 4*n - 5. Let c be j(7). Let q = c + i. What is the units digit of q?
4
Let d = -228 + -44. Let r = d + 879. What is the units digit of r?
7
Let g(f) = 130*f**2 + 384*f + 6770. What is the thousands digit of g(-18)?
1
Let h(i) = 3*i**2 - 19*i - 42. Let b = 100 + -83. What is the hundreds digit of h(b)?
5
Let y(c) = -c**2 + 9*c + 4. Let v = 82 - 73. Let q be y(v). Let t(w) = 3*w**2 - 3*w + 5. What is the tens digit of t(q)?
4
Let i = 3948 + -2696. What is the tens digit of i?
5
Suppose -330 = 3*b - 366. Suppose -b*i + 1070 = -2*i. What is the hundreds digit of i?
1
Let w = 158 - 111. Suppose -5*l + 212 = w. Let t = -30 + l. What is the units digit of t?
3
Let s(f) = 3*f + 3*f**2 - 3*f - f - 2*f**2. Let i be s(2). Suppose i*j + 8*j - 80 = 0. What is the units digit of j?
8
Let k = -5149 + 11552. What is the hundreds digit of k?
4
Let p(k) = k**3 - 5*k**2 + 19*k + 1. Let a = 117 - 107. What is the tens digit of p(a)?
9
Let s(i) = 259*i - 4245. What is the thousands digit of s(74)?
4
Let x(c) = c**3 + 22*c**2 + 3*c - 36. Let a = -13 - 8. What is the units digit of x(a)?
2
Let b(t) = 21*t + 133. Let q be b(-6). Suppose 26*y - q*y = 8132. What is the units digit of y?
8
Let i(d) = -4*d**3 + 11*d**2 + 10*d + 2. Let p be i(-4). Suppose 2*w = -4*w. Suppose 2*x - p - 48 = -5*f, -f = w. What is the hundreds digit of x?
2
Let s(k) = -5*k**2 - 6*k - 1. Let i(p) = -p**2 - p - 1. Let j(w) = 3*i(w) - s(w). What is the units digit of j(14)?
2
Let v = 421 + -427. Let k(d) = -106*d + 2. What is the hundreds digit of k(v)?
6
Let a(f) = f**3 + 14*f**2 + 16*f - 6. Let p be a(-9). Let j = -132 + p. What is the tens digit of j?
2
Suppose 13 + 12 = -5*l, 4*l = 3*k - 62. What is the hundreds digit of 4/k - -1578*7/98?
1
Let h(q) = -152*q + 700. Let i(p) = -74*p + 350. Let z(c) = 2*h(c) - 5*i(c). What is the tens digit of z(7)?
1
Let a(u) = -69*u**3 + 59*u**2 - 26*u + 4. What is the tens digit of a(-6)?
8
Suppose -72380 = -4*n - 4*z, -3*n + 5*z + 13823 = -40486. What is the units digit of n?
8
Suppose -6*a - 4834 = -5*w - 2*a, 0 = 2*w + 3*a - 1929. Let n = 1726 - w. What is the tens digit of n?
6
Suppose 0*x + 45 = 3*x. Suppose 17*t = x*t - 76. Let s = t - -93. What is the units digit of s?
5
Let t = 1338 + 2210. What is the thousands digit of t?
3
What is the units digit of 11 + (-2535)/234 - (-585994)/12?
3
Let p be (-27)/(-9) - (1 + 2). What is the tens digit of -2 - -2 - (p + -111)?
1
Suppose -4*v + v = 81. Suppose -4*d - 156 = 4*s, -4*d = -0*d - s + 176. Let k = v - d. What is the tens digit of k?
1
Let y be 1*((-2)/1 - -77). Suppose -16*t = -t - y. Suppose -p = -d - d + 461, p + 1151 = t*d. What is the tens digit of d?
3
Suppose 0 = -10*h + 152 + 3008. What is the tens digit of h?
1
Suppose -2*g = 3*g. Suppose -95 = -b + r, -3*b - r + 170 + 99 = g. What is the tens digit of b?
9
Suppose 2858 = 2*n + 4*k, -4*n - k + 5706 = -3*k. What is the units digit of n?
7
Let g(s) = 3*s + 2. Let a(r) = 6*r + 4. Let l(w) = 4*a(w) - 7*g(w). Let j be l(8). Suppose 0 = -30*z + j*z + 316. What is the units digit of z?
9
Let z(t) = -83*t + 978. What is the thousands digit of z(-58)?
5
Let l = 218 + -93. Suppose 5*p + l = -135. What is the tens digit of 13/p + 218/8?
2
What is the tens digit of (-175)/375*-10*(-49311)/(-6)?
5
Let s = -366 + 370. Suppose 5*y - 4*b - 63 = 0, -s*y - 30 = -5*b - 84. What is the tens digit of y?
1
Let a(y) = 180*y**2 - 708*y + 77. What is the units digit of a(15)?
7
Let b = 4980 + -3214. Suppose -5*k = -b - 549. What is the units digit of k?
3
Suppose -26 = -f - 22, 4*f - 34636 = -2*o. What is t